




{"id":964,"date":"2012-12-29T17:52:01","date_gmt":"2012-12-29T17:52:01","guid":{"rendered":"https:\/\/www.dr-mamczur.pl\/blog\/?page_id=964"},"modified":"2014-12-06T00:26:31","modified_gmt":"2014-12-06T00:26:31","slug":"polecam","status":"publish","type":"page","link":"https:\/\/www.dr-mamczur.pl\/blog\/polecam\/","title":{"rendered":"POLECAM"},"content":{"rendered":"<p>W czasie pisania spotykam si\u0119 z wieloma ciekawymi publikacjami.<\/p>\n<p>Na tej stronie znajduj\u0105 si\u0119 linki do publikacji, kt\u00f3re polecam.<\/p>\n<p>w porz\u0105dku chronologicznym istnienia bloga.<\/p>\n<h3><a title=\"Roam\" href=\"https:\/\/www.dr-mamczur.pl\/blog\/?page_id=10\" target=\"_blank\">Narysuj swoje my\u015bli\u201d Dana Roam<\/a><\/h3>\n<h3><a title=\"Automatyzacja biznesu\" href=\"https:\/\/www.dr-mamczur.pl\/blog\/?p=660\" target=\"_blank\">Automatyzacja biznesu<\/a><\/h3>\n<h3><a title=\"automatyzacja c.d.\" href=\"https:\/\/www.dr-mamczur.pl\/blog\/?p=662\" target=\"_blank\">Automatyzacja biznesu c.d.<\/a><\/h3>\n<h3><a title=\"Jobs\" href=\"https:\/\/www.dr-mamczur.pl\/blog\/?p=231\" target=\"_blank\">Carmine Gallo \u201eSteve Jobs sekrety innowacji\u201d<\/a><\/h3>\n<h3><a title=\"Tracy-droga do bogactwa\" href=\"https:\/\/www.dr-mamczur.pl\/blog\/?p=708\" target=\"_blank\">Brian Tracy \u201eDroga do bogactwa\u201d<\/a><\/h3>\n<h3><a title=\"Czarnecki- Biznes-po-prostu\" href=\"https:\/\/www.dr-mamczur.pl\/blog\/?p=546\" target=\"_blank\">Biznes po prostu\u201d Leszek Czarnecki<br \/>\n<\/a><a title=\"Blajer TVN CNCBC\" href=\"https:\/\/www.dr-mamczur.pl\/blog\/?p=898\" target=\"_blank\">Blajer- M\u00f3wi biznes\u201d w TVN CNBC<\/a><\/h3>\n<h3><a title=\"o Prince2-cd\" href=\"https:\/\/www.dr-mamczur.pl\/blog\/?p=786\" target=\"_blank\">Wi\u0119cej o Prince2<\/a><\/h3>\n<h3><a title=\"ciekawostki Prince2\" href=\"https:\/\/www.dr-mamczur.pl\/blog\/?p=806\" target=\"_blank\">Ciekawostki Prince2<\/a><\/h3>\n<h3><a title=\"sk\u0105d bogactwo\" href=\"https:\/\/www.dr-mamczur.pl\/blog\/?p=883\" target=\"_blank\">\u201eSk\u0105d bierze si\u0119 bogactwo\u201d<\/a><\/h3>\n<h3><a title=\"siedem krokow\" href=\"https:\/\/www.dr-mamczur.pl\/blog\/?p=903\" target=\"_blank\">Siedem krok\u00f3w do osi\u0105gni\u0119cia celu<\/a><\/h3>\n<h3><a title=\"Amazon\" href=\"https:\/\/www.dr-mamczur.pl\/blog\/?p=926\" target=\"_blank\">Amazon a Strategie w biznesie<\/a><\/h3>\n<h3><a title=\"Droga wazaniejsza\" href=\"https:\/\/www.dr-mamczur.pl\/blog\/?p=936\" target=\"_blank\">\u201eDroga wa\u017cniejsza ni\u017c cel\u201d<\/a><\/h3>\n<h3><a title=\"Investments funds\" href=\"https:\/\/www.dr-mamczur.pl\/blog\/?p=947\" target=\"_blank\">Investment Funds 2012<\/a><\/h3>\n<p><a title=\"Tworzenie modeli biznesowych \" href=\"https:\/\/www.dr-mamczur.pl\/blog\/?p=978\" target=\"_blank\">Tworzenie modeli biznesowych <\/a>. Podr\u0119cznik wizjonera. Alexander Ostewalder, Yves Pigneur.\u00a0 <a title=\"Tworzenie modeli- One Press\" href=\"http:\/\/onepress.pl\/ksiazki\/tworzenie-modeli-biznesowych-podrecznik-wizjonera-alexander-osterwalder-yves-pigneur,twmobi.htm\" target=\"_blank\">One Press2012<\/a><\/p>\n<p>\u201e<a title=\"Problogger -wpis\" href=\"https:\/\/www.dr-mamczur.pl\/blog\/?p=988\" target=\"_blank\">Problogger. Jak czerpa\u0107 zyski ze swojego bloga<\/a>\u201d \u2013 Darren Rowse, Chris Garrett. <a title=\"Onepress-problogger\" href=\"http:\/\/onepress.pl\/ksiazki\/problogger-jak-czerpac-zyski-ze-swojego-bloga-darren-rowse-chris-garrett,prblog.htm\" target=\"_blank\">Onepress<\/a>.<\/p>\n<p><a title=\"Personal branding\" href=\"https:\/\/www.dr-mamczur.pl\/blog\/?p=1725\" target=\"_blank\">&#8220;Personal branding 2.0. Cztery kroki do zbudowania osobistej marki&#8221; &#8211; Dan Schwabel &#8211; Wydawnictwo Helion S.A 2012<\/a><\/p>\n","protected":false},"excerpt":{"rendered":"<p>W czasie pisania spotykam si\u0119 z wieloma ciekawymi publikacjami. Na tej stronie znajduj\u0105 si\u0119 linki do publikacji, kt\u00f3re polecam. w porz\u0105dku chronologicznym istnienia bloga. Narysuj swoje my\u015bli\u201d Dana Roam Automatyzacja biznesu Automatyzacja biznesu c.d. Carmine Gallo \u201eSteve Jobs sekrety innowacji\u201d &hellip; <a href=\"https:\/\/www.dr-mamczur.pl\/blog\/polecam\/\">Czytaj dalej <span class=\"meta-nav\">&rarr;<\/span><\/a><\/p>\n","protected":false},"author":1,"featured_media":0,"parent":0,"menu_order":5,"comment_status":"open","ping_status":"closed","template":"","meta":[],"_links":{"self":[{"href":"https:\/\/www.dr-mamczur.pl\/blog\/wp-json\/wp\/v2\/pages\/964"}],"collection":[{"href":"https:\/\/www.dr-mamczur.pl\/blog\/wp-json\/wp\/v2\/pages"}],"about":[{"href":"https:\/\/www.dr-mamczur.pl\/blog\/wp-json\/wp\/v2\/types\/page"}],"author":[{"embeddable":true,"href":"https:\/\/www.dr-mamczur.pl\/blog\/wp-json\/wp\/v2\/users\/1"}],"replies":[{"embeddable":true,"href":"https:\/\/www.dr-mamczur.pl\/blog\/wp-json\/wp\/v2\/comments?post=964"}],"version-history":[{"count":12,"href":"https:\/\/www.dr-mamczur.pl\/blog\/wp-json\/wp\/v2\/pages\/964\/revisions"}],"predecessor-version":[{"id":1729,"href":"https:\/\/www.dr-mamczur.pl\/blog\/wp-json\/wp\/v2\/pages\/964\/revisions\/1729"}],"wp:attachment":[{"href":"https:\/\/www.dr-mamczur.pl\/blog\/wp-json\/wp\/v2\/media?parent=964"}],"curies":[{"name":"wp","href":"https:\/\/api.w.org\/{rel}","templated":true}]}}