




{"id":4558,"date":"2020-08-04T07:04:25","date_gmt":"2020-08-04T07:04:25","guid":{"rendered":"https:\/\/www.dr-mamczur.pl\/blog\/?page_id=4558"},"modified":"2020-11-22T10:40:02","modified_gmt":"2020-11-22T10:40:02","slug":"konsultacje-online","status":"publish","type":"page","link":"https:\/\/www.dr-mamczur.pl\/blog\/konsultacje-online\/","title":{"rendered":"KONSULTACJE ONLINE"},"content":{"rendered":"<div id=\"attachment_3218\" style=\"width: 738px\" class=\"wp-caption aligncenter\"><a href=\"https:\/\/www.dr-mamczur.pl\/blog\/dariuszm-gab\/\"><img aria-describedby=\"caption-attachment-3218\" loading=\"lazy\" class=\"size-full wp-image-3218\" src=\"https:\/\/www.dr-mamczur.pl\/blog\/wp-content\/uploads\/gabinet\/DariuszM-gab.jpg\" alt=\"\" width=\"728\" height=\"443\" srcset=\"https:\/\/www.dr-mamczur.pl\/blog\/wp-content\/uploads\/gabinet\/DariuszM-gab.jpg 728w, https:\/\/www.dr-mamczur.pl\/blog\/wp-content\/uploads\/gabinet\/DariuszM-gab-300x183.jpg 300w, https:\/\/www.dr-mamczur.pl\/blog\/wp-content\/uploads\/gabinet\/DariuszM-gab-493x300.jpg 493w\" sizes=\"(max-width: 728px) 100vw, 728px\" \/><\/a><p id=\"caption-attachment-3218\" class=\"wp-caption-text\">dr n. med. Dariusz Mamczur &#8211; internista, nefrolog<\/p><\/div>\n<h1><span style=\"color: #ff0000;\">Wideoporada dr n. med. Dariusz Mamczur<\/span><\/h1>\n<p><span style=\"color: #ff0000;\"><strong>NIE KONSULTUJ\u0118 PACJENT\u00d3W ZNAJDUJ\u0104CYCH SI\u0118 POZA GRANICAMI POLSKI (RZECZPOSPOLITEJ POLSKIEJ)<\/strong><\/span><\/p>\n<p><span style=\"color: #ff0000;\"><strong>Prosz\u0119 nie przesy\u0142a\u0107 plik\u00f3w <a href=\"https:\/\/www.dr-mamczur.pl\/blog\/2020\/telediagnostyka-audio-i-video-w-zbieraniu-wywiadu\/\" target=\"_blank\" rel=\"noopener noreferrer\">audio i wideo<\/a>.<\/strong><\/span><\/p>\n<p>Ze wzgl\u0119du na pandemi\u0119 wirusem COVID-19 proponuje Pa\u0144stwu konsultacje telemedyczne za pomoc\u0105 widekonsultacji przez aplikacje Microsoft Teams.<\/p>\n<p>W razie pyta\u0144 zapraszam do kontaktu na e-mail <strong>dr-mamczur@drmamczur.pl<\/strong><\/p>\n<h1><span style=\"color: #ff0000;\"><strong>Dane do przelewu bankowego<\/strong><\/span><\/h1>\n<h4><b>SPECJALISTYCZNA INDYWIDUALNA PRAKTYKA LEKARSKA <\/b><\/h4>\n<h4><b>dr n. med. Dariusz Mamczur<\/b><\/h4>\n<ul>\n<li>ul. Armii Krajowej 54, lokal U-10, 94-046 \u0141\u00f3d\u017a<\/li>\n<li>Nr konta bankowego: <strong>11 1140 2017 0000 4502 0444 4360<\/strong><\/li>\n<li><strong>Tytu\u0142 p\u0142atno\u015bci<\/strong> &#8211; za teleporad\u0119 lekarsk\u0105, Imi\u0119 i nazwisko pacjenta, adres zamieszkania, data porady<\/li>\n<\/ul>\n<p><span style=\"color: #ff0000;\"><strong>RODO<\/strong><\/span><\/p>\n<p>Zasada ochrony danych osobowych pacjent\u00f3w w moim gabinecie (RODO) opisana jest na stronie <a href=\"http:\/\/www.drmamczur.home.pl\/drmamczur\/?page_id=706\" target=\"_blank\" rel=\"noopener noreferrer\"><strong>RODO \u2013 ochrona danych osobowych<\/strong><\/a><\/p>\n<p><strong>Szczeg\u00f3\u0142owe informacje znajduj\u0105 si\u0119 na podstronach tej zak\u0142adki.<\/strong><\/p>\n<p><span style=\"color: #ff0000;\">Has\u0142o do logowania prze\u015bl\u0119 na e-mail podany przez Pacjenta w<\/span><span style=\"color: #ff0000;\"> e-mail:<\/span><\/p>\n<p><span style=\"color: #ff0000;\"><strong>dr-mamczur@drmamczur.pl<\/strong><\/span><\/p>\n<p><a href=\"https:\/\/www.dr-mamczur.pl\/blog\/rzadkie-choroby\/konsultacje-online\/teleporada-dr-mamczur-informacje\/\" target=\"_blank\" rel=\"noopener noreferrer\">Teleporada dr Mamczur \u2013 informacje<\/a> na temat teleporady dla pacjenta (prawne, techniczne, dane do przelewu bankowego)<\/p>\n<p><a href=\"https:\/\/www.dr-mamczur.pl\/blog\/rzadkie-choroby\/konsultacje-online\/wideoporada-dr-n-med-dariusza-mamczura-instrukcje-dla-pacjenta\/\" target=\"_blank\" rel=\"noopener noreferrer\">Wideoporada dr n.med. Dariusza Mamczura \u2013 Instrukcje dla pacjenta<\/a><\/p>\n<p><a href=\"https:\/\/www.dr-mamczur.pl\/blog\/rzadkie-choroby\/konsultacje-online\/mikrofon-dzwiek-kamera-pomoc-techniczna-teams\/\" target=\"_blank\" rel=\"noopener noreferrer\">mikrofon-d\u017awi\u0119k-kamera- pomoc techniczna Teams<\/a><\/p>\n<p><a href=\"https:\/\/www.dr-mamczur.pl\/blog\/wp-content\/uploads\/2020\/10\/Zrzut-ekranu-2020-10-19-195228.jpg\"><img loading=\"lazy\" class=\"aligncenter wp-image-5251 size-large\" src=\"https:\/\/www.dr-mamczur.pl\/blog\/wp-content\/uploads\/2020\/10\/Zrzut-ekranu-2020-10-19-195228-1024x743.jpg\" alt=\"dr Dariusz Mamczur konsultacje online\" width=\"584\" height=\"424\" srcset=\"https:\/\/www.dr-mamczur.pl\/blog\/wp-content\/uploads\/2020\/10\/Zrzut-ekranu-2020-10-19-195228-1024x743.jpg 1024w, https:\/\/www.dr-mamczur.pl\/blog\/wp-content\/uploads\/2020\/10\/Zrzut-ekranu-2020-10-19-195228-300x218.jpg 300w, https:\/\/www.dr-mamczur.pl\/blog\/wp-content\/uploads\/2020\/10\/Zrzut-ekranu-2020-10-19-195228-768x557.jpg 768w, https:\/\/www.dr-mamczur.pl\/blog\/wp-content\/uploads\/2020\/10\/Zrzut-ekranu-2020-10-19-195228-413x300.jpg 413w, https:\/\/www.dr-mamczur.pl\/blog\/wp-content\/uploads\/2020\/10\/Zrzut-ekranu-2020-10-19-195228.jpg 1280w\" sizes=\"(max-width: 584px) 100vw, 584px\" \/><\/a><\/p>\n<p>&nbsp;<\/p>\n<p>&nbsp;<\/p>\n","protected":false},"excerpt":{"rendered":"<p>Wideoporada dr n. med. Dariusz Mamczur NIE KONSULTUJ\u0118 PACJENT\u00d3W ZNAJDUJ\u0104CYCH SI\u0118 POZA GRANICAMI POLSKI (RZECZPOSPOLITEJ POLSKIEJ) Prosz\u0119 nie przesy\u0142a\u0107 plik\u00f3w audio i wideo. Ze wzgl\u0119du na pandemi\u0119 wirusem COVID-19 proponuje Pa\u0144stwu konsultacje telemedyczne za pomoc\u0105 widekonsultacji przez aplikacje Microsoft Teams. &hellip; <a href=\"https:\/\/www.dr-mamczur.pl\/blog\/konsultacje-online\/\">Czytaj dalej <span class=\"meta-nav\">&rarr;<\/span><\/a><\/p>\n","protected":false},"author":1,"featured_media":0,"parent":0,"menu_order":0,"comment_status":"closed","ping_status":"closed","template":"","meta":[],"_links":{"self":[{"href":"https:\/\/www.dr-mamczur.pl\/blog\/wp-json\/wp\/v2\/pages\/4558"}],"collection":[{"href":"https:\/\/www.dr-mamczur.pl\/blog\/wp-json\/wp\/v2\/pages"}],"about":[{"href":"https:\/\/www.dr-mamczur.pl\/blog\/wp-json\/wp\/v2\/types\/page"}],"author":[{"embeddable":true,"href":"https:\/\/www.dr-mamczur.pl\/blog\/wp-json\/wp\/v2\/users\/1"}],"replies":[{"embeddable":true,"href":"https:\/\/www.dr-mamczur.pl\/blog\/wp-json\/wp\/v2\/comments?post=4558"}],"version-history":[{"count":15,"href":"https:\/\/www.dr-mamczur.pl\/blog\/wp-json\/wp\/v2\/pages\/4558\/revisions"}],"predecessor-version":[{"id":5507,"href":"https:\/\/www.dr-mamczur.pl\/blog\/wp-json\/wp\/v2\/pages\/4558\/revisions\/5507"}],"wp:attachment":[{"href":"https:\/\/www.dr-mamczur.pl\/blog\/wp-json\/wp\/v2\/media?parent=4558"}],"curies":[{"name":"wp","href":"https:\/\/api.w.org\/{rel}","templated":true}]}}