




{"id":1424,"date":"2014-01-06T13:45:51","date_gmt":"2014-01-06T13:45:51","guid":{"rendered":"https:\/\/www.dr-mamczur.pl\/blog\/?page_id=1424"},"modified":"2023-12-20T12:51:50","modified_gmt":"2023-12-20T11:51:50","slug":"bibliografia-trudne-przypadki","status":"publish","type":"page","link":"https:\/\/www.dr-mamczur.pl\/blog\/trudne-przypadki-chorobowe\/bibliografia-trudne-przypadki\/","title":{"rendered":"Bibliografia &#8211; Trudne przypadki"},"content":{"rendered":"<h1>Bibliografia &#8211; Trudne przypadki medyczne<\/h1>\n<p>John Apple, Jason Payne-James &#8211; &#8220;Encyklopedia objaw\u00f3w chorobowych&#8221;. Ferria 2010<\/p>\n<p><a href=\"https:\/\/www.dr-mamczur.pl\/blog\/wp-content\/uploads\/2023\/12\/Algorytmy-diagnostyczmne-w-praktyce-lakarza-rodzinnegoFerri.jpg\"><img loading=\"lazy\" class=\"wp-image-6981 aligncenter\" src=\"https:\/\/www.dr-mamczur.pl\/blog\/wp-content\/uploads\/2023\/12\/Algorytmy-diagnostyczmne-w-praktyce-lakarza-rodzinnegoFerri-531x1024.jpg\" alt=\"\" width=\"224\" height=\"426\" \/><\/a><\/p>\n<p>Jerzy Bal &#8211; Biologia molekularna w medycynie. Elementy genetyki klinicznej. Wydawnictwo Naukowe PWN &#8211; 2011 (wydanie III)<\/p>\n<p>E.R. Beck, J.L. Francis, R.L. Souhami &#8211; Diagnostyka r\u00f3\u017cnicowa w chorobach wewn\u0119trznych. PZWL 1986<\/p>\n<p><a href=\"https:\/\/www.dr-mamczur.pl\/blog\/wp-content\/uploads\/2023\/12\/Diagnostyka-roznicowa-w-chorobach-wewnetrznych-Beck.jpg\"><img loading=\"lazy\" class=\" wp-image-6991 aligncenter\" src=\"https:\/\/www.dr-mamczur.pl\/blog\/wp-content\/uploads\/2023\/12\/Diagnostyka-roznicowa-w-chorobach-wewnetrznych-Beck-677x1024.jpg\" alt=\"\" width=\"224\" height=\"334\" \/><\/a><\/p>\n<p>Janusz Cianciara, Jacek Juszczyk \u2013 Choroby zaka\u017ane i paso\u017cytnicze. Wydawnictwo Czelej. Lublin 2007.<\/p>\n<p>\u2013 Anna Dobrza\u0144ska, \u0141ukasz Obrycki, Piotr Socha &#8211; <a href=\"http:\/\/www.standardy.pl\/produkty\/szczegoly\/choroby-rzadkie\" target=\"_blank\" rel=\"noopener noreferrer\">Choroby rzadkie\u201d<\/a>, Standardy Medyczne Warszawa 2020.<\/p>\n<p><a href=\"https:\/\/www.dr-mamczur.pl\/blog\/wp-content\/uploads\/2020\/04\/Choroby-rzadkie-Standardy-Med.jpg\"><img loading=\"lazy\" class=\" wp-image-4339 aligncenter\" src=\"https:\/\/www.dr-mamczur.pl\/blog\/wp-content\/uploads\/2020\/04\/Choroby-rzadkie-Standardy-Med.jpg\" alt=\"\" width=\"252\" height=\"358\" \/><\/a><\/p>\n<p>R. Douglas Collins \u201eAlgorytmy interpretacji\u00a0\u00a0objaw\u00f3w klinicznych\u201d. Medipage 2010<\/p>\n<p><a href=\"https:\/\/www.dr-mamczur.pl\/blog\/wp-content\/uploads\/2023\/12\/Algorytmy-interpretacji-objawow-klinicznych-Collins.jpg\"><img loading=\"lazy\" class=\" wp-image-6982 aligncenter\" src=\"https:\/\/www.dr-mamczur.pl\/blog\/wp-content\/uploads\/2023\/12\/Algorytmy-interpretacji-objawow-klinicznych-Collins-711x1024.jpg\" alt=\"\" width=\"297\" height=\"425\" \/><\/a><\/p>\n<p>Bohdan Daniel. Bogdan Pruszy\u0144ski \u2013 &#8220;Anatomia radiologiczna. Rtg.TK.MR.SC&#8221;. Wydawnictwo Lekarskie PWL \u2013 Warszawa 2007.<\/p>\n<p>Graham Douglas, Fiona Nicol, Colin Robertson \u2013 \u2018Badanie kliniczne Macleoda\u201d Elsevier Urban &amp;Partner Wroc\u0142aw 2010.<\/p>\n<p><a href=\"https:\/\/www.dr-mamczur.pl\/blog\/wp-content\/uploads\/2023\/12\/Badanie-kliniczne-Mackleod-Douglas.jpg\"><img loading=\"lazy\" class=\"wp-image-6998 aligncenter\" src=\"https:\/\/www.dr-mamczur.pl\/blog\/wp-content\/uploads\/2023\/12\/Badanie-kliniczne-Mackleod-Douglas-780x1024.jpg\" alt=\"\" width=\"308\" height=\"402\" \/><\/a><\/p>\n<p>Ian Reid Entwistle- \u201eExacta medica wyniki bada\u0144, warto\u015bci referencyjne, dawkowanie lek\u00f3w\u201d. Elsevier Urban &amp; Partner. Wroc\u0142aw 2006.<\/p>\n<p>Fred F. Ferri &#8211; &#8220;Algorytmy diagnostyczne w praktyce lekarza rodzinnego&#8221;. Urban &amp; Partner 2008.<\/p>\n<p><a href=\"https:\/\/www.dr-mamczur.pl\/blog\/wp-content\/uploads\/2023\/12\/Algorytmy-diagnostyczmne-w-praktyce-lakarza-rodzinnegoFerri-1.jpg\"><img loading=\"lazy\" class=\"wp-image-6983 aligncenter\" src=\"https:\/\/www.dr-mamczur.pl\/blog\/wp-content\/uploads\/2023\/12\/Algorytmy-diagnostyczmne-w-praktyce-lakarza-rodzinnegoFerri-1-531x1024.jpg\" alt=\"\" width=\"213\" height=\"406\" \/><\/a><\/p>\n<p>Alice W. Flaherty, Natalia S. Rost \u2013 \u201cPodr\u0119cznik neurologii. Massachusetts General Hospital\u201d \u2013 Medipage 2010<\/p>\n<p>Geraint Fuller \u2013 \u201eBadanie neurologiczne \u2013 to proste\u201d. Wydawnictwo Lekarskie PZWL. Warszawa 1995.<\/p>\n<p>Jerome Groopman -&#8220;Jak my\u015bli lekarz &#8230;i jak sprawi\u0107, by nie pope\u0142nia\u0142 b\u0142\u0119d\u00f3w&#8221;. Wydawnictwo Dolno\u015bl\u0105skie, Wroc\u0142aw 2009<\/p>\n<p>Jan Horny &#8211; &#8220;Kompendium diagnostyki r\u00f3\u017cnicowej&#8221; \u015aAM, Kaga-Druk 1998<\/p>\n<p><a href=\"https:\/\/www.dr-mamczur.pl\/blog\/wp-content\/uploads\/2023\/12\/Kompendium-diagnostyki-roznicowej-Horny.jpg\"><img loading=\"lazy\" class=\"wp-image-6990 aligncenter\" src=\"https:\/\/www.dr-mamczur.pl\/blog\/wp-content\/uploads\/2023\/12\/Kompendium-diagnostyki-roznicowej-Horny-654x1024.jpg\" alt=\"\" width=\"244\" height=\"376\" \/><\/a>Alan G.Japp, Colin Robertson &#8211; Macleod. Diagnoza kliniczna. Edra Urban&amp;Partner Wroc\u0142aw 2015, Elsevier<\/p>\n<p><a href=\"https:\/\/www.dr-mamczur.pl\/blog\/wp-content\/uploads\/2023\/12\/Diagnoza-kliniczna-Japp-1.jpg\"><img loading=\"lazy\" class=\"wp-image-6993 aligncenter\" src=\"https:\/\/www.dr-mamczur.pl\/blog\/wp-content\/uploads\/2023\/12\/Diagnoza-kliniczna-Japp-1-669x1024.jpg\" alt=\"\" width=\"251\" height=\"381\" \/><\/a><\/p>\n<p>Franciszek Kokot- &#8220;Diagnostyka r\u00f3\u017cnicowa objaw\u00f3w chorobowych&#8221;- PZWL 1998<\/p>\n<p><a href=\"https:\/\/www.dr-mamczur.pl\/blog\/wp-content\/uploads\/2023\/12\/Diagnostyka-roznicowa-objawow-chorobowych-Kokot.jpg\"><img loading=\"lazy\" class=\"wp-image-6984 aligncenter\" src=\"https:\/\/www.dr-mamczur.pl\/blog\/wp-content\/uploads\/2023\/12\/Diagnostyka-roznicowa-objawow-chorobowych-Kokot-711x1024.jpg\" alt=\"\" width=\"253\" height=\"361\" \/><\/a><\/p>\n<p>Franciszek Kokot &#8211; <a href=\"https:\/\/www.ibuk.pl\/553\/autor\/franciszek-kokot.html\" target=\"_blank\" rel=\"noopener\">Diagnostyka r\u00f3\u017cnicowa objaw\u00f3w chorobowych PZWL 2007 (pdf)<\/a><\/p>\n<p><a href=\"https:\/\/www.dr-mamczur.pl\/blog\/wp-content\/uploads\/2022\/10\/Kokot-2007-Diag.-roznicowa.jpg\"><img loading=\"lazy\" class=\"size-medium wp-image-6554 aligncenter\" src=\"https:\/\/www.dr-mamczur.pl\/blog\/wp-content\/uploads\/2022\/10\/Kokot-2007-Diag.-roznicowa-217x300.jpg\" alt=\"\" width=\"217\" height=\"300\" srcset=\"https:\/\/www.dr-mamczur.pl\/blog\/wp-content\/uploads\/2022\/10\/Kokot-2007-Diag.-roznicowa-217x300.jpg 217w, https:\/\/www.dr-mamczur.pl\/blog\/wp-content\/uploads\/2022\/10\/Kokot-2007-Diag.-roznicowa.jpg 234w\" sizes=\"(max-width: 217px) 100vw, 217px\" \/><\/a><\/p>\n<p>Maria Konnikova\u00a0 &#8211; \u201eMy\u015bl jak Sherlock Holmes\u201d \u2013\u00a0 Agora Warszawa 2015<\/p>\n<p>W\u0142odzimierz \u0141awkowicz, Izabela Krzemi\u0144ska-\u0141awkowiczowa- Kliniczna diagnostyka r\u00f3\u017cnicowa w hematologii. PZWL 1982<\/p>\n<p><a href=\"https:\/\/www.dr-mamczur.pl\/blog\/wp-content\/uploads\/2023\/12\/kliniczna-diagnostyka-roznicowa-w-hematologii-Lawkowicz.jpg\"><img loading=\"lazy\" class=\" wp-image-6997 aligncenter\" src=\"https:\/\/www.dr-mamczur.pl\/blog\/wp-content\/uploads\/2023\/12\/kliniczna-diagnostyka-roznicowa-w-hematologii-Lawkowicz-706x1024.jpg\" alt=\"\" width=\"213\" height=\"307\" \/><\/a><\/p>\n<h1 class=\"product_name\">Dariusz Moczulski &#8211; &#8220;<a href=\"https:\/\/medbook.com.pl\/pl\/medycyna-ogolna\/41135-przypadki-mogace-sprawiac-trudnosci-diagnostyczne-dariusz-moczulski-14285.html\" target=\"_blank\" rel=\"noopener\">Przypadki mog\u0105ce sprawia\u0107 trudno\u015bci diagnostyczne<\/a>&#8221; &#8211; Medical Tribune 2016 r,<\/h1>\n<p>&nbsp;<\/p>\n<p><a href=\"https:\/\/www.dr-mamczur.pl\/blog\/wp-content\/uploads\/2023\/04\/Trudnosci-diagnostyczne-Moczulski.jpg\"><img loading=\"lazy\" class=\"wp-image-6822 aligncenter\" src=\"https:\/\/www.dr-mamczur.pl\/blog\/wp-content\/uploads\/2023\/04\/Trudnosci-diagnostyczne-Moczulski.jpg\" alt=\"\" width=\"349\" height=\"264\" \/><\/a><\/p>\n<p>Marco Mumenthaler, Claudio Bassetti, Christof Daetwyler -&#8220;Diagnostyka r\u00f3\u017cnicowa w neurologii.&#8221; Elsevier &#8211; Urban&amp;Partner &#8211; Wroc\u0142aw 2009<\/p>\n<p><a href=\"https:\/\/www.dr-mamczur.pl\/blog\/wp-content\/uploads\/2023\/12\/Diagnostyka-roznicowa-w-neurologii-Mumenthaler.jpg\"><img loading=\"lazy\" class=\"wp-image-6995 aligncenter\" src=\"https:\/\/www.dr-mamczur.pl\/blog\/wp-content\/uploads\/2023\/12\/Diagnostyka-roznicowa-w-neurologii-Mumenthaler-734x1024.jpg\" alt=\"\" width=\"233\" height=\"321\" \/><\/a><\/p>\n<p>G. Rassner, U. Steinert &#8211; &#8220;Rassner Dermatologia. Podr\u0119cznik i atlas&#8221;. Urban &amp; Partner. Wroc\u0142aw\u00a0 2004<\/p>\n<p>Lisa Sanders- &#8220;Zagadki medycyny i sztuka diagnozy&#8221; &#8211; Wydawnictwo Magnum, Warszawa 2009 r.<\/p>\n<p>Nicole Schaenzler, Christoph Koppenwallner- &#8220;Co mi dolega &#8211; \u0142atwe wyszukiwanie &#8211; szybka diagnoza&#8221;, \u015awiat Ksi\u0105\u017cki 2009<\/p>\n<p><a href=\"https:\/\/www.dr-mamczur.pl\/blog\/wp-content\/uploads\/2023\/12\/Co-mi-dolegaSchaentzler.jpg\"><img loading=\"lazy\" class=\"wp-image-6985 aligncenter\" src=\"https:\/\/www.dr-mamczur.pl\/blog\/wp-content\/uploads\/2023\/12\/Co-mi-dolegaSchaentzler-1024x939.jpg\" alt=\"\" width=\"273\" height=\"251\" srcset=\"https:\/\/www.dr-mamczur.pl\/blog\/wp-content\/uploads\/2023\/12\/Co-mi-dolegaSchaentzler-1024x939.jpg 1024w, https:\/\/www.dr-mamczur.pl\/blog\/wp-content\/uploads\/2023\/12\/Co-mi-dolegaSchaentzler-300x275.jpg 300w, https:\/\/www.dr-mamczur.pl\/blog\/wp-content\/uploads\/2023\/12\/Co-mi-dolegaSchaentzler-768x704.jpg 768w, https:\/\/www.dr-mamczur.pl\/blog\/wp-content\/uploads\/2023\/12\/Co-mi-dolegaSchaentzler-1536x1409.jpg 1536w, https:\/\/www.dr-mamczur.pl\/blog\/wp-content\/uploads\/2023\/12\/Co-mi-dolegaSchaentzler-327x300.jpg 327w, https:\/\/www.dr-mamczur.pl\/blog\/wp-content\/uploads\/2023\/12\/Co-mi-dolegaSchaentzler.jpg 1643w\" sizes=\"(max-width: 273px) 100vw, 273px\" \/><\/a><\/p>\n<p><strong>Sch\u00e4fer J.<\/strong> \u201e\u201dMedyczne \u015bledztwa. Rozpoznanie schorze\u0144 trudnych do zdiagnozowania.\u201d Wydana z w 2017 przez \u201e<a href=\"https:\/\/wydawnictwovital.pl\/autor\/jurgen-schafer\/\" target=\"_blank\" rel=\"noreferrer noopener\" aria-label=\"Vital. Gwarancja Zdrowia (otwiera si\u0119 na nowej zak\u0142adce)\">Vital. Gwarancja Zdrowia<\/a><\/p>\n<p>Walter Siegenthaler &#8220;Rozpoznanie r\u00f3\u017cnicowe w medycynie wewn\u0119trznej. Od objawu do rozpoznania&#8221; . Medipage Warszawa 2009<\/p>\n<p><a href=\"https:\/\/www.dr-mamczur.pl\/blog\/wp-content\/uploads\/2023\/12\/Rozoznanie-roznicowe-w-medycynie-wewnetrznej-Siegenthaler.jpg\"><img loading=\"lazy\" class=\"wp-image-6986 aligncenter\" src=\"https:\/\/www.dr-mamczur.pl\/blog\/wp-content\/uploads\/2023\/12\/Rozoznanie-roznicowe-w-medycynie-wewnetrznej-Siegenthaler-732x1024.jpg\" alt=\"\" width=\"286\" height=\"397\" \/><\/a><\/p>\n<p>Scott D.C.Stern, Adam S. Cifu, Diane Altkorn &#8211; Diagnostyka r\u00f3\u017cnicowa oparta na EBM. medycyna Praktyczna , Krak\u00f3w 2023<\/p>\n<p>31 objaw\u00f3w do r\u00f3\u017cnicowania<\/p>\n<p><a href=\"https:\/\/www.dr-mamczur.pl\/blog\/wp-content\/uploads\/2023\/12\/Diagnostyka-roznicowa-oprata-na-EBM-Scott.jpg\"><img loading=\"lazy\" class=\"wp-image-6989 aligncenter\" src=\"https:\/\/www.dr-mamczur.pl\/blog\/wp-content\/uploads\/2023\/12\/Diagnostyka-roznicowa-oprata-na-EBM-Scott-741x1024.jpg\" alt=\"\" width=\"254\" height=\"349\" \/><\/a><\/p>\n<p>Andrzej Szczeklik \u2013 \u201eChoroby wewn\u0119trzne\u201d. Medycyna Praktyczna. Krak\u00f3w 2006<\/p>\n<p>Lawrece M. Tierney Jr., Mark C. Henderson &#8211; &#8220;Wywiad lekarski oparty na zasadach EBM&#8221;. PZWL 2007<\/p>\n<p><a href=\"https:\/\/www.dr-mamczur.pl\/blog\/wp-content\/uploads\/2023\/12\/Wywiad-lekarski-opart-na-zasadach-EBM-Tierney.jpg\"><img loading=\"lazy\" class=\"wp-image-6987 aligncenter\" src=\"https:\/\/www.dr-mamczur.pl\/blog\/wp-content\/uploads\/2023\/12\/Wywiad-lekarski-opart-na-zasadach-EBM-Tierney-725x1024.jpg\" alt=\"\" width=\"239\" height=\"334\" \/><\/a><\/p>\n<p>F.W. Tichendorf &#8211; &#8220;Od objawu do rozpoznania&#8221;. Wydawnictwo Medycyna Praktyczna 1999<\/p>\n<p><a href=\"https:\/\/www.dr-mamczur.pl\/blog\/wp-content\/uploads\/2023\/12\/Od-objawu-do-rozpoznania0Tischendorf.jpg\"><img loading=\"lazy\" class=\"wp-image-6988 aligncenter\" src=\"https:\/\/www.dr-mamczur.pl\/blog\/wp-content\/uploads\/2023\/12\/Od-objawu-do-rozpoznania0Tischendorf-644x1024.jpg\" alt=\"\" width=\"208\" height=\"326\" \/><\/a><\/p>\n<p>Jacques Wallach \u2013 Interpretacja bada\u0144 laboratoryjnych\u201d. Medipage. Warszawa 2011.<\/p>\n<p><a href=\"https:\/\/www.dr-mamczur.pl\/blog\/wp-content\/uploads\/2023\/12\/Interpretacja-badan-laboratoryjnych-Wallach.jpg\"><img loading=\"lazy\" class=\" wp-image-6994 aligncenter\" src=\"https:\/\/www.dr-mamczur.pl\/blog\/wp-content\/uploads\/2023\/12\/Interpretacja-badan-laboratoryjnych-Wallach-678x1024.jpg\" alt=\"\" width=\"226\" height=\"337\" \/><\/a><\/p>\n<p><a href=\"https:\/\/integro.ciniba.edu.pl\/integro\/191800772538\/zaborowski-piotr\/filozofia-postepowania-lekarskiego\" target=\"_blank\" rel=\"noopener noreferrer\">Piotr Zaborowski \u2013 Filozofia post\u0119powania lekarskiego<\/a>. Pa\u0144stwowy Zak\u0142ad Wydawnictw Lekarskich. Warszawa 1990.\u00a0 \u015awietna, przekrojowa analiza &#8211; prawie niedost\u0119pna <strong>-POLECAM!!<\/strong><\/p>\n<p style=\"text-align: center;\"><a href=\"https:\/\/www.dr-mamczur.pl\/blog\/wp-content\/uploads\/2023\/01\/Zaborowski-T-Filozofia-postepowania-lekarskiego.jpg\"><img loading=\"lazy\" class=\"alignnone size-medium wp-image-6728\" src=\"https:\/\/www.dr-mamczur.pl\/blog\/wp-content\/uploads\/2023\/01\/Zaborowski-T-Filozofia-postepowania-lekarskiego-207x300.jpg\" alt=\"\" width=\"207\" height=\"300\" srcset=\"https:\/\/www.dr-mamczur.pl\/blog\/wp-content\/uploads\/2023\/01\/Zaborowski-T-Filozofia-postepowania-lekarskiego-207x300.jpg 207w, https:\/\/www.dr-mamczur.pl\/blog\/wp-content\/uploads\/2023\/01\/Zaborowski-T-Filozofia-postepowania-lekarskiego.jpg 420w\" sizes=\"(max-width: 207px) 100vw, 207px\" \/><\/a><\/p>\n<p>Piotr Zaborowski \u2013 \u201ePodstawy badania klinicznego\u201d \u2013 Medipage 2015<\/p>\n<p>Michael Zatouroff &#8211; &#8220;Objawy fizykalne -rozpoznanie w kolorze&#8221; &#8211; PZWL 1997<\/p>\n<p><a href=\"https:\/\/www.dr-mamczur.pl\/blog\/wp-content\/uploads\/2023\/12\/Objawy-fizykalne-rozpoznanie-w-kolorze-Zatouroff.jpg\"><img loading=\"lazy\" class=\" wp-image-6996 aligncenter\" src=\"https:\/\/www.dr-mamczur.pl\/blog\/wp-content\/uploads\/2023\/12\/Objawy-fizykalne-rozpoznanie-w-kolorze-Zatouroff-715x1024.jpg\" alt=\"\" width=\"242\" height=\"342\" \/><\/a><\/p>\n","protected":false},"excerpt":{"rendered":"<p>Bibliografia &#8211; Trudne przypadki medyczne John Apple, Jason Payne-James &#8211; &#8220;Encyklopedia objaw\u00f3w chorobowych&#8221;. Ferria 2010 Jerzy Bal &#8211; Biologia molekularna w medycynie. Elementy genetyki klinicznej. Wydawnictwo Naukowe PWN &#8211; 2011 (wydanie III) E.R. Beck, J.L. Francis, R.L. Souhami &#8211; Diagnostyka &hellip; <a href=\"https:\/\/www.dr-mamczur.pl\/blog\/trudne-przypadki-chorobowe\/bibliografia-trudne-przypadki\/\">Czytaj dalej <span class=\"meta-nav\">&rarr;<\/span><\/a><\/p>\n","protected":false},"author":1,"featured_media":0,"parent":21,"menu_order":0,"comment_status":"closed","ping_status":"closed","template":"","meta":[],"_links":{"self":[{"href":"https:\/\/www.dr-mamczur.pl\/blog\/wp-json\/wp\/v2\/pages\/1424"}],"collection":[{"href":"https:\/\/www.dr-mamczur.pl\/blog\/wp-json\/wp\/v2\/pages"}],"about":[{"href":"https:\/\/www.dr-mamczur.pl\/blog\/wp-json\/wp\/v2\/types\/page"}],"author":[{"embeddable":true,"href":"https:\/\/www.dr-mamczur.pl\/blog\/wp-json\/wp\/v2\/users\/1"}],"replies":[{"embeddable":true,"href":"https:\/\/www.dr-mamczur.pl\/blog\/wp-json\/wp\/v2\/comments?post=1424"}],"version-history":[{"count":23,"href":"https:\/\/www.dr-mamczur.pl\/blog\/wp-json\/wp\/v2\/pages\/1424\/revisions"}],"predecessor-version":[{"id":6999,"href":"https:\/\/www.dr-mamczur.pl\/blog\/wp-json\/wp\/v2\/pages\/1424\/revisions\/6999"}],"up":[{"embeddable":true,"href":"https:\/\/www.dr-mamczur.pl\/blog\/wp-json\/wp\/v2\/pages\/21"}],"wp:attachment":[{"href":"https:\/\/www.dr-mamczur.pl\/blog\/wp-json\/wp\/v2\/media?parent=1424"}],"curies":[{"name":"wp","href":"https:\/\/api.w.org\/{rel}","templated":true}]}}